185
Calculate the greatest common divisor of 1732 and 365126384.
1732
What is the greatest common factor of 152 and 3114974?
38
Calculate the highest common factor of 431225640 and 80.
40
Calculate the greatest common factor of 7756 and 2075284.
1108
Calculate the highest common divisor of 1984 and 98220152.
248
Calculate the highest common divisor of 7065228 and 7332.
564
What is the highest common divisor of 332064 and 11916?
36
Calculate the greatest common factor of 1577400 and 24024.
264
Calculate the highest common factor of 160 and 118230010.
10
Calculate the highest common factor of 7401 and 3351.
3
Calculate the greatest common factor of 122143436 and 1020.
68
Calculate the highest common factor of 8119123 and 318.
53
Calculate the greatest common divisor of 5138303 and 76.
19
Calculate the highest common divisor of 8533 and 581357.
371
What is the greatest common factor of 120681 and 862983?
2277
Calculate the greatest common divisor of 69552 and 2276379.
1449
Calculate the greatest common factor of 81954858 and 102.
102
Calculate the greatest common factor of 2514554 and 688.
86
What is the greatest common divisor of 25614 and 62132449?
1423
Calculate the highest common divisor of 3915 and 2267220.
435
Calculate the greatest common divisor of 1039 and 31015189.
1039
What is the greatest common divisor of 155890 and 336770?
1190
What is the greatest common divisor of 1615638648 and 9428?
9428
Calculate the greatest common divisor of 154073884 and 4.
4
What is the greatest common divisor of 68 and 3411043676?
68
Calculate the highest common factor of 120548270 and 15502.
674
Calculate the highest common factor of 6781614 and 31332.
42
What is the greatest common factor of 4395692 and 10940?
2188
What is the greatest common divisor of 7397384 and 7448?
152
What is the highest common divisor of 513238 and 2584230?
902
Calculate the highest common divisor of 3122 and 40949936.
446
What is the greatest common factor of 27153940 and 55?
55
What is the greatest common factor of 757847158 and 158?
158
Calculate the greatest common divisor of 11648 and 7348159.
91
Calculate the highest common divisor of 18017874 and 348.
174
What is the highest common factor of 1188 and 6762261?
33
Calculate the greatest common factor of 5528099 and 386.
193
What is the greatest common divisor of 1010097 and 10659?
627
Calculate the highest common factor of 738 and 402989.
41
What is the greatest common factor of 374442 and 75?
3
What is the highest common factor of 2360214 and 4897159?
5701
What is the highest common factor of 130127895 and 18180?
4545
Calculate the greatest common factor of 12855896 and 3680.
184
What is the greatest common divisor of 1484 and 228206923?
371
What is the highest common divisor of 381366 and 5454?
18
Calculate the greatest common factor of 10830512 and 2478.
826
Calculate the greatest common divisor of 5316 and 795348.
12
Calculate the greatest common divisor of 7491 and 511368121.
2497
Calculate the greatest common divisor of 740402 and 5330.
26
What is the greatest common factor of 112 and 1458023?
7
Calculate the greatest common factor of 34781425 and 64925.
1225
Calculate the greatest common divisor of 278928 and 151632.
1872
Calculate the highest common divisor of 19460 and 64787205.
4865
Calculate the highest common divisor of 566 and 53274467.
283
Calculate the highest common divisor of 686 and 14409514.
14
Calculate the greatest common divisor of 20459 and 328.
41
What is the greatest common divisor of 7413756 and 19236?
84
Calculate the highest common divisor of 2420220 and 13508.
44
What is the highest common factor of 111573360 and 432?
144
What is the highest common factor of 187520895 and 4338?
2169
Calculate the highest common factor of 60270 and 1169730.
1230
What is the greatest common divisor of 11444 and 4196?
4
Calculate the highest common factor of 8022836 and 436.
436
What is the greatest common divisor of 1020800880 and 880?
880
What is the greatest common factor of 1292 and 612484?
76
Calculate the highest common divisor of 467766 and 9711.
117
What is the highest common divisor of 14443162 and 12118?
166
What is the greatest common divisor of 48393768 and 24?
24
Calculate the greatest common divisor of 52564876 and 806.
26
What is the greatest common divisor of 91668702 and 123?
123
Calculate the highest common factor of 6444324 and 3268.
172
What is the greatest common divisor of 28565 and 1810615?
145
Calculate the highest common divisor of 45133083 and 90.
9
Calculate the highest common factor of 72205750 and 750.
250
What is the greatest common factor of 454032 and 240?
48
What is the highest common divisor of 613430940 and 48900?
9780
What is the highest common factor of 222 and 266964879?
111
What is the highest common factor of 193875347 and 123?
41
Calculate the greatest common divisor of 40 and 412231930.
10
What is the greatest common factor of 108505072 and 64?
16
Calculate the greatest common divisor of 159228 and 97893.
9
Calculate the greatest common divisor of 11085 and 389145.
15
Calculate the greatest common factor of 132696 and 4726744.
152
Calculate the greatest common factor of 99316996 and 116.
116
What is the greatest common divisor of 9177 and 2269911?
399
Calculate the greatest common divisor of 284968 and 19900.
796
Calculate the highest common factor of 2354 and 2784672.
22
Calculate the highest common divisor of 9912 and 40169088.
1416
Calculate the greatest common factor of 637 and 90574393.
637
Calculate the highest common factor of 111496 and 10774568.
10136
What is the highest common factor of 530019 and 8679531?
3759
Calculate the highest common divisor of 143437 and 913502.
661
What is the greatest common divisor of 9481311 and 189?
63
Calculate the highest common factor of 548586 and 972.
54
What is the highest common divisor of 1540 and 39729305?
385
What is the highest common divisor of 447857 and 341?
31
Calculate the greatest common factor of 110082 and 23478.
42
Calculate the highest common factor of 215735949 and 144.
9
What is the highest common factor of 56028 and 105961128?
2436
Calculate the greatest common factor of 79426540 and 51705.
1915
Calculate the greatest common factor of 1216 and 16474672.
304
Calculate the greatest common divisor of 675 and 949827735.
135
Calculate the highest common divisor of 34086 and 156234.
78
Calculate the highest common factor of 7578935 and 1495.
65
Calculate the greatest common divisor of 307256 and 16598.
386
Calculate the highest common factor of 1531345 and 4117.
179
What is the greatest common factor of 104 and 1519843?
13
Calculate the greatest common factor of 656236 and 7222.
46
Calculate the highest common divisor of 114 and 53555642.
38
Calculate the greatest common divisor of 229471 and 420739.
253
What is the highest common factor of 15 and 536?
1
Calculate the highest common factor of 28 and 5001951668.
28
Calculate the greatest common divisor of 17680 and 22283872.
3536
Calculate the greatest common divisor of 397590 and 35090.
290
What is the highest common divisor of 1841 and 4041784?
263
Calculate the highest common factor of 360 and 384713640.
360
What is the highest common divisor of 293274 and 23382?
54
What is the highest common factor of 10680 and 594720?
120
Calculate the greatest common divisor of 47299758 and 66.
66
Calculate the highest common factor of 9288 and 48252536.
344
What is the greatest common factor of 95904 and 1921632?
3552
What is the highest common factor of 17270739 and 17172?
4293
What is the greatest common factor of 4467141 and 2499?
357
Calculate the highest common factor of 12190609 and 361.
361
What is the highest common divisor of 40746 and 1578?
6
Calculate the greatest common divisor of 971568 and 1068.
12
What is the greatest common divisor of 161 and 3370673?
23
What is the greatest common factor of 74732014 and 667?
667
Calculate the highest common divisor of 336559685 and 10.
5
Calculate the highest common factor of 171 and 220923.
9
Calculate the highest common divisor of 478797 and 76197.
33
Calculate the highest common factor of 532148 and 74044.
692
What is the highest common divisor of 23993250 and 1500?
750
What is the highest common factor of 160580 and 682?